{"id":315,"date":"2022-05-10T10:55:14","date_gmt":"2022-05-10T10:55:14","guid":{"rendered":"https:\/\/artenataliabanega.com.uy\/arte\/?page_id=315"},"modified":"2022-09-05T15:40:40","modified_gmt":"2022-09-05T15:40:40","slug":"acerca-de-mi","status":"publish","type":"page","link":"https:\/\/artenataliabanega.com.uy\/arte\/acerca-de-mi\/","title":{"rendered":"Acerca de m\u00ed&#8230;"},"content":{"rendered":"\n<p>Nac\u00ed el 3 de junio de 1980 en Santa Luc\u00eda, Departamento de Canelones, Uruguay.<\/p>\n\n\n\n<p>En agosto del a\u00f1o 2008, a ra\u00edz de mi inquietud por el arte y casi por casualidad, comienzo a estudiar en un taller de pintura en el barrio Ciudad Vieja, Montevideo. All\u00ed habl\u00e9 con la profesora Virgina Ponce de Le\u00f3n, le dije que quer\u00eda pintar retratos. Me dio una lista de lo que deb\u00eda comprar para empezar. Para m\u00ed fue muy emocionante, era algo totalmente nuevo, pero estaba llena de miedos. No sab\u00eda si lo que estaba haciendo era realmente lo que quer\u00eda. Fui a la primer clase. Ja, no sab\u00eda lo que era un lienzo, una carbonilla, no ten\u00eda idea de nada. Y sin embargo, fue algo m\u00e1gico, ya el primer d\u00eda estaba con mi primer trabajo en carbonilla y de ah\u00ed todo fue ir creciendo.<\/p>\n\n\n\n<p>En el a\u00f1o 2010 dejo el taller para dedicarme a la maternidad, una de las obras m\u00e1s importantes de mi vida. En 2014 retomo en un taller diferente a cargo de William Moreira Cruz, donde aprend\u00ed otras formas de entender la pintura.<\/p>\n\n\n\n<p>Al d\u00eda de hoy sigo pintando y desarrollando mi arte. Adoro lo que estoy haciendo, s\u00e9 que me queda un largo camino por recorrer y muchas cosas por aprender. Pero estoy feliz porque descubr\u00ed algo en m\u00ed que no conoc\u00eda y que cada d\u00eda me motiva para continuar.<\/p>\n\n\n\n<p>Aunque por lo general mis obras las mantengo en mi taller o son encargos los cuales luego de terminados quedan en propiedad de sus due\u00f1os, he realizado algunas exposiciones, las cuales a continuaci\u00f3n menciono<em>:<\/em><\/p>\n\n\n\n<ul class=\"wp-block-list\"><li>Julio de 2022 &#8211; Muestra individual en Quinta de Jos\u00e9 Enrique Rod\u00f3 &#8211; Casa de la Cultura (Santa Luc\u00eda).<\/li><li>Julio de 2018 \u2013 Muestra individual en Quinta de Jos\u00e9 Enrique Rod\u00f3 \u2013 Casa de la Cultura (Santa Luc\u00eda, Canelones).<\/li><li>Diciembre de 2014 \u2013 Muestra grupal a cargo de William Moreira en la Galer\u00eda Juan Palleiro (Mercado del Puerto, Ciudad Vieja, Montevideo).<\/li><li>Enero de 2010 \u2013 Muestra individual en la Casa de la Cultura en la Sala de Artes Pl\u00e1sticas. (ciudad de Maldonado, Uruguay).<\/li><li>Diciembre 2010 \u2013 muestra grupal en la Junta de Montevideo.<\/li><li>Setiembre de 2009 \u2013 Muestra grupal a cargo de la prof. Virginia Ponce de Le\u00f3n en la Sala Enrique Fynn en OSE central (Montevideo, Uruguay).<\/li><li>Diciembre de 2008 \u2013 Muestra grupal a cargo de la prof. Ponce de Le\u00f3n en el Club Banco Rep\u00fablica (Montevideo, Uruguay).<\/li><\/ul>\n","protected":false},"excerpt":{"rendered":"<p>Nac\u00ed el 3 de junio de 1980 en Santa Luc\u00eda, Departamento de Canelones, Uruguay. En agosto del a\u00f1o 2008, a ra\u00edz de mi inquietud por el arte y casi por casualidad, comienzo a estudiar en un taller de pintura en el barrio Ciudad Vieja, Montevideo. All\u00ed habl\u00e9 con la profesora Virgina Ponce de Le\u00f3n, le [&hellip;]<\/p>\n","protected":false},"author":1,"featured_media":332,"parent":0,"menu_order":0,"comment_status":"open","ping_status":"closed","template":"","meta":{"footnotes":""},"class_list":["post-315","page","type-page","status-publish","has-post-thumbnail","hentry"],"_links":{"self":[{"href":"https:\/\/artenataliabanega.com.uy\/arte\/wp-json\/wp\/v2\/pages\/315","targetHints":{"allow":["GET"]}}],"collection":[{"href":"https:\/\/artenataliabanega.com.uy\/arte\/wp-json\/wp\/v2\/pages"}],"about":[{"href":"https:\/\/artenataliabanega.com.uy\/arte\/wp-json\/wp\/v2\/types\/page"}],"author":[{"embeddable":true,"href":"https:\/\/artenataliabanega.com.uy\/arte\/wp-json\/wp\/v2\/users\/1"}],"replies":[{"embeddable":true,"href":"https:\/\/artenataliabanega.com.uy\/arte\/wp-json\/wp\/v2\/comments?post=315"}],"version-history":[{"count":5,"href":"https:\/\/artenataliabanega.com.uy\/arte\/wp-json\/wp\/v2\/pages\/315\/revisions"}],"predecessor-version":[{"id":388,"href":"https:\/\/artenataliabanega.com.uy\/arte\/wp-json\/wp\/v2\/pages\/315\/revisions\/388"}],"wp:featuredmedia":[{"embeddable":true,"href":"https:\/\/artenataliabanega.com.uy\/arte\/wp-json\/wp\/v2\/media\/332"}],"wp:attachment":[{"href":"https:\/\/artenataliabanega.com.uy\/arte\/wp-json\/wp\/v2\/media?parent=315"}],"curies":[{"name":"wp","href":"https:\/\/api.w.org\/{rel}","templated":true}]}}

Acerca de mí&#8230;

<p>Nací el 3 de junio de 1980 en Santa Lucía, Departamento de Canelones, Uruguay.</p>



<p>En agosto del año 2008, a raíz de mi inquietud por el arte y casi por casualidad, comienzo a estudiar en un taller de pintura en el barrio Ciudad Vieja, Montevideo. Allí hablé con la profesora Virgina Ponce de León, le dije que quería pintar retratos. Me dio una lista de lo que debía comprar para empezar. Para mí fue muy emocionante, era algo totalmente nuevo, pero estaba llena de miedos. No sabía si lo que estaba haciendo era realmente lo que quería. Fui a la primer clase. Ja, no sabía lo que era un lienzo, una carbonilla, no tenía idea de nada. Y sin embargo, fue algo mágico, ya el primer día estaba con mi primer trabajo en carbonilla y de ahí todo fue ir creciendo.</p>



<p>En el año 2010 dejo el taller para dedicarme a la maternidad, una de las obras más importantes de mi vida. En 2014 retomo en un taller diferente a cargo de William Moreira Cruz, donde aprendí otras formas de entender la pintura.</p>



<p>Al día de hoy sigo pintando y desarrollando mi arte. Adoro lo que estoy haciendo, sé que me queda un largo camino por recorrer y muchas cosas por aprender. Pero estoy feliz porque descubrí algo en mí que no conocía y que cada día me motiva para continuar.</p>



<p>Aunque por lo general mis obras las mantengo en mi taller o son encargos los cuales luego de terminados quedan en propiedad de sus dueños, he realizado algunas exposiciones, las cuales a continuación menciono<em>:</em></p>



<ul class="wp-block-list"><li>Julio de 2022 &#8211; Muestra individual en Quinta de José Enrique Rodó &#8211; Casa de la Cultura (Santa Lucía).</li><li>Julio de 2018 – Muestra individual en Quinta de José Enrique Rodó – Casa de la Cultura (Santa Lucía, Canelones).</li><li>Diciembre de 2014 – Muestra grupal a cargo de William Moreira en la Galería Juan Palleiro (Mercado del Puerto, Ciudad Vieja, Montevideo).</li><li>Enero de 2010 – Muestra individual en la Casa de la Cultura en la Sala de Artes Plásticas. (ciudad de Maldonado, Uruguay).</li><li>Diciembre 2010 – muestra grupal en la Junta de Montevideo.</li><li>Setiembre de 2009 – Muestra grupal a cargo de la prof. Virginia Ponce de León en la Sala Enrique Fynn en OSE central (Montevideo, Uruguay).</li><li>Diciembre de 2008 – Muestra grupal a cargo de la prof. Ponce de León en el Club Banco República (Montevideo, Uruguay).</li></ul>

<p>Nací el 3 de junio de 1980 en Santa Lucía, Departamento de Canelones, Uruguay. En agosto del año 2008, a raíz de mi inquietud por el arte y casi por casualidad, comienzo a estudiar en un taller de pintura en el barrio Ciudad Vieja, Montevideo. Allí hablé con la profesora Virgina Ponce de León, le [&hellip;]</p>
